5019454079 a composite number?
False
Is 801480529 a composite number?
False
Is 192102423 a prime number?
False
Is 70736040107 composite?
False
Is 10490835293 prime?
False
Is 6219998497 prime?
True
Is 513818947 prime?
True
Is 60648967 a prime number?
True
Is 31664096819 composite?
True
Is 4662155221 a composite number?
True
Is 7815658753 a composite number?
True
Is 73034831 a composite number?
False
Is 1215705299 prime?
True
Is 32231077381 a prime number?
False
Is 132060045781 prime?
False
Is 62000384461 a prime number?
True
Is 312063593 a prime number?
True
Is 604464229 a prime number?
True
Is 20986150439 a prime number?
False
Is 44010909853 prime?
True
Is 915382651 a prime number?
False
Is 844035463 prime?
True
Is 2111561987 a prime number?
True
Is 59154566573 a prime number?
False
Is 19047956653 a prime number?
False
Is 73469344349 a composite number?
True
Is 3587193487 composite?
True
Is 10114484729 composite?
False
Is 171350057 composite?
True
Is 1203828383 a composite number?
False
Is 26165380679 a prime number?
False
Is 561972581 a prime number?
False
Is 17573728313 a composite number?
False
Is 3589118681 composite?
False
Is 122200601 prime?
True
Is 1409107943 composite?
True
Is 70928096221 a composite number?
False
Is 91179973559 prime?
True
Is 54853804727 a prime number?
False
Is 72263453 a prime number?
False
Is 10959547 a composite number?
True
Is 92965459351 composite?
False
Is 5599270223 prime?
False
Is 1779072043 a prime number?
False
Is 32202719 a prime number?
True
Is 800148506 a prime number?
False
Is 7406531711 a composite number?
True
Is 1187321641 a composite number?
True
Is 14632413691 a composite number?
True
Is 1631361439 a composite number?
False
Is 1764974627 a composite number?
True
Is 369592467 a prime number?
False
Is 119826983 a prime number?
True
Is 4031889581 prime?
False
Is 3492731969 composite?
False
Is 41306434759 a composite number?
False
Is 74995833581 composite?
True
Is 3171803521 a composite number?
False
Is 2218308791 prime?
True
Is 13024594993 a prime number?
False
Is 87226409 composite?
False
Is 4438145869 a composite number?
True
Is 188434273 prime?
False
Is 7953520187 a composite number?
True
Is 20059724143 composite?
False
Is 131760259 composite?
True
Is 6008132929 composite?
True
Is 526690973 prime?
True
Is 5149667497 a composite number?
True
Is 1298605663 prime?
False
Is 1115903293 a prime number?
True
Is 4527762899 a composite number?
True
Is 469597057 prime?
False
Is 5036746769 a prime number?
True
Is 707016077 a composite number?
True
Is 1084916801 a composite number?
False
Is 57541956287 a prime number?
True
Is 41124202177 prime?
False
Is 521549711 a prime number?
True
Is 6410464609 composite?
True
Is 47681091947 a prime number?
False
Is 335771357 a composite number?
False
Is 955560127 composite?
False
Is 18990401399 composite?
False
Is 37943897597 a composite number?
True
Is 1052777417 a prime number?
True
Is 165607807 prime?
True
Is 28228556407 composite?
False
Is 27308517871 a prime number?
False
Is 98209403783 prime?
False
Is 38399227 a prime number?
True
Is 42611853007 composite?
True
Is 1916051023 prime?
True
Is 195667277 composite?
True
Is 6308238619 prime?
False
Is 20803670939 a composite number?
False
Is 75824569 composite?
True
Is 6161094181 prime?
False
Is 21996802309 a prime number?
True
Is 4212901037 a prime number?
True
Is 4901854105 prime?
False
Is 376219549 composite?
False
Is 3340006997 composite?
True
Is 13088888573 composite?
False
Is 112916366449 a prime number?
True
Is 480421231 prime?
False
Is 244492159 composite?
False
Is 430076249 composite?
False
Is 116730021547 prime?
True
Is 1078472543 composite?
False
Is 42214963811 composite?
True
Is 22778057339 a prime number?
False
Is 22464894629 composite?
False
Is 863946289 a composite number?
True
Is 7173408577 composite?
False
Is 47022582863 a prime number?
True
Is 332125307 a prime number?
True
Is 17198342515 a prime number?
False
Is 6823698181 composite?
True
Is 1307895073 a composite number?
True
Is 1483210507 composite?
True
Is 5890263047 a prime number?
True
Is 2456589731 composite?
False
Is 2605098079 composite?
False
Is 1421133853 a composite number?
True
Is 9895018219 prime?
True
Is 65636838229 a composite number?
False
Is 88862921317 composite?
False
Is 2029469599 composite?
True
Is 9415040158 a prime number?
False
Is 13489721257 a composite number?
True
Is 1355489761 prime?
False
Is 762136847 prime?
False
Is 10161784043 prime?
False
Is 150508247 a prime number?
False
Is 2483270249 a prime number?
True
Is 12148152143 prime?
False
Is 237634289 composite?
True
Is 1624442273 composite?
False
Is 23724130879 composite?
True
Is 1936022771 a prime number?
False
Is 16268967647 a composite number?
True
Is 18447321797 composite?
False
Is 612546089 a composite number?
True
Is 6079908253 a composite number?
True
Is 196687792117 a prime number?
True
Is 1182839923 a composite number?
True
Is 226225943 a composite number?
False
Is 386702507 a prime number?
True
Is 12669653107 a prime number?
False
Is 2415071777 a composite number?
False
Is 68159705389 composite?
True
Is 4442385518 a composite number?
True
Is 17927017387 a prime number?
True
Is 22727822483 a prime number?
False
Is 609885707 composite?
False
Is 1182647821 a prime number?
False
Is 1130396293 prime?
False
Is 25602480869 composite?
True
Is 64265458099 prime?
True
Is 177727261 a composite number?
True
Is 239179243 a prime number?
True
Is 5746268723 composite?
True
Is 722886469 a composite number?
False
Is 5668249819 prime?
True
Is 4637477587 composite?
False
Is 938935243 composite?
False
Is 777250057 a prime number?
True
Is 42517510797 a prime number?
False
Is 18018199361 composite?
False
Is 9171554263 composite?
True
Is 105930384293 composite?
True
Is 1593056677 prime?
True
Is 1351693591 a prime number?
True
Is 4691745881 composite?
False
Is 2061985819 prime?
False
Is 1170813773 composite?
False
Is 10697024119 a composite number?
False
Is 3274027613 composite?
True
Is 13726509449 composite?
True
Is 1276886483 composite?
True
Is 47352873269 a prime number?
False
Is 18114500045 a composite number?
True
Is 550896485 a composite number?
True
Is 3192393217 a prime number?
False
Is 6705001543 a prime number?
False
Is 95393232943 prime?
False
Is 1163466173 a composite number?
True
Is 118316122583 composite?
True
Is 2591298709 a composite number?
False
Is 1408996922 composite?
True
Is 95034444581 composite?
False
Is 13748849371 a prime number?
True
Is 3710787433 a composite number?
True
Is 39519342821 prime?
False
Is 668234309 a prime number?
True
Is 5628606358 a prime number?
False
Is 806351335 prime?
False
Is 22054214167 a prime number?
True
Is 92994311 a composite number?
False
Is 4660657199 a prime number?
False
Is 3927448247 composite?
True
Is 22542425641 a composite number?
False
Is 5942237227 a prime number?
True
Is 7027111219 composite?
True
Is 4051551997 a prime number?
True
Is 81422385703 a prime number?
False
Is 46060964327 composite?
True
Is 5995574605 a prime number?
False
Is 3696905119 prime?
False
Is 47773831459 prime?
True
Is 76639337 composite?
True
Is 5568273917 a prime number?
True
Is 6552031333 a composite number?
True
Is 3626347871 a prime number?
False
Is 16532248123 a composite number?
False
Is 66393231353 composite?
True
Is 1287508427 prime?
True
Is 61853797493 a composite number?
False
Is 712087945 a prime number?
False
Is 13200556019 composite?
True
Is 1869456893 composite?
False
Is 100917716689 a prime number?
True
Is 72306898787 a composite number?
False
Is 97426579 a composite number?
True
Is 324995947 composite?
True
Is 10343539957 composite?
True
Is 46932190691 prime?
True
Is 736012201 composite?
False
Is 3603223357 prime?
False
Is 563728363 a prime number?
False
Is 411770969 composite?
False
Is 656946663 prime?
False
Is 5700733187 a composite number?
True
Is 3535272959 prime?
False
Is 169689677657 a composite number?
False
Is 4646540333 prime?
True
Is 2572592471 a prime number?
False
Is 3296035389 a composite number?
True
Is 1525765993 composite?
False
Is 1858232591 a prime number?
True
Is 381691407243 composite?
True
Is 231815663 prime?
False
Is 3366193829 prime?
True
Is 4151179841 prime?
True
Is 2859482101 composite?
True
Is 214889014779 a c